469, 3*b = -4*y + 5525. What is the units digit of y?
9
Suppose -5*i = -17 - 8. Suppose 2*w - i*w = 246. Let b = -50 - w. What is the units digit of b?
2
Let k = -21 + 29. Suppose 0 = k*n - 11 + 3. What is the units digit of n?
1
Suppose -5*w = g - 2488, 3*w + 3*g + 474 = 1962. What is the hundreds digit of w?
4
Suppose 3*p - 6*t - 4479 = -3*t, 0 = p - 4*t - 1493. What is the units digit of p?
3
Let f = 23 - 17. Let s be 9 - 4 - f/2. Suppose 4*q = s + 78. What is the tens digit of q?
2
Let k = -1701 - -2830. What is the units digit of k?
9
Let a be 31*-6*(-2)/6. Suppose 2*q = -0*q - a. Let i = 66 + q. What is the tens digit of i?
3
Let x be -12*4/(-32)*(-52)/(-3). Let o = 136 - x. What is the units digit of o?
0
Let v = -66 - -4888. What is the units digit of v?
2
Let u = 3925 + -1268. What is the thousands digit of u?
2
Suppose -1506 = -14*s + 8*s. What is the units digit of s?
1
Suppose -4*v + 4328 = 4*b, -3*v + 3211 = -0*b - 4*b. What is the tens digit of v?
7
What is the units digit of (-4 + 3)*(4 + -1085)?
1
Suppose 4*z + 16 = 0, d - 364 = -8*z + 3*z. Let g be d/14 + (-12)/(-21). Suppose 4*y = 4*a - 32, -5*a + 71 = -2*y + g. What is the units digit of a?
9
Let g(v) = -v**2 - 7*v + 4. Let c be g(-6). Let w be 356/c + 6/(-10). What is the tens digit of (4 + -8 + w)/1?
3
Suppose -3*t + 74 = -2*t + 5*l, 3*t - 2*l = 205. Let u = t + -61. What is the units digit of u?
8
Let l = -6 + 0. What is the tens digit of 1/(-2)*(-3 - -195)/l?
1
Let u(a) = -a**3 - 4*a**2 + 4*a + 2. Let q be u(-5). Suppose -5*z = -q*z. Suppose -4*f + 205 + 11 = z. What is the tens digit of f?
5
Let i be (-8)/20 - 2035/(-25). Let u = -57 + i. What is the tens digit of u?
2
Let v(r) = r + 14. Let f be v(-10). Suppose f*b - 4*d - 1 = 15, 12 = 2*b - 3*d. Suppose b*t - 3*t = -84. What is the tens digit of t?
2
What is the tens digit of -1 + 3*2 - 41785/(-61)?
9
Let x(w) = -w**2 - 5*w + 16. Let t be x(-7). Suppose t*i - 5 = -4*u + 11, -16 = 4*i. What is the units digit of (-12)/(-15)*135/u?
8
Let j(h) be the second derivative of -h**5/5 + h**4/4 - h**3/6 + h**2/2 - 8*h. Let k be j(2). What is the units digit of (-6)/k - (-229)/7?
3
Let j be 33/(-44) - 6/(-8). Let k = j - 8. Let n = 0 - k. What is the units digit of n?
8
Suppose -w - 7 = -4. What is the units digit of (888/36)/((-2)/w)?
7
Let b(p) = -p + 1. Suppose 0*d + 4*d = -12. Let j be b(d). Let y(l) = -l**3 + 5*l**2 + 2*l - 9. What is the tens digit of y(j)?
1
Let f(m) = 2 + 0*m + 3*m - 4*m. Let c be f(1). What is the units digit of c/3*(1 - -2)?
1
Let v = 1420 + 2743. What is the units digit of v?
3
Let w(h) = 23*h**3 - 42*h**2 - 32*h + 14. Let d(j) = 8*j**3 - 14*j**2 - 11*j + 5. Let x(l) = 17*d(l) - 6*w(l). What is the units digit of x(6)?
3
Let h be (-2928)/(0 - -4) - -1. What is the hundreds digit of 12/(-16) + h/(-4)?
1
What is the tens digit of ((-172)/10)/(5/(-225))?
7
Suppose 0 = 6*d - 2*d. Let p be (-3)/(-3) + 43 + 1. Suppose 5*f + 2*o + 24 - 82 = d, -4*f = 3*o - p. What is the tens digit of f?
1
Suppose 0 = -k - 4*o + 2*o - 54, -5*k - 4*o - 270 = 0. Suppose -197 = -2*t + z, 5*t - 3*z = -170 + 663. Let w = t + k. What is the units digit of w?
4
Let r be (1 - -9)*4872/105. Let p be 7/(1 + 0 + 0). What is the units digit of (-1)/p + r/14?
3
Suppose -i = -6*i + 470. Let g = -64 + i. What is the units digit of g?
0
Suppose 5800 = 236*r - 234*r. What is the units digit of r?
0
Let q = -500 - -533. Let p(m) = m**3 - 2*m**2 - 5*m + 3. Let d be p(3). What is the units digit of (d/9)/((-1)/q)?
1
Let a = 22 + -11. Suppose -2*o = -3*v + a, -5*v - 2*o = o - 12. Suppose 3*c - 99 = -0*c - 3*g, -39 = -c - v*g. What is the tens digit of c?
3
Suppose -s - 971 = -4*s + 5*d, -4*d - 967 = -3*s. What is the units digit of s?
7
Let g = 52 - -29. Let q(k) = k**2 + 11*k + 2. Let s be q(-11). Suppose s*n = 5*t + g, 5*n = -t - 2*t + 156. What is the tens digit of n?
3
Suppose 5*h - 1288 + 256 = -2*l, 5*l - 2622 = -2*h. What is the tens digit of l?
2
Let z be (0 - -1)/(3/(-12)). Let m(g) = -72*g - 18. What is the units digit of m(z)?
0
Suppose -q = -2*q + 3*c - 2, -c - 1 = 0. Let b = q - -10. Suppose -o - g = 4*g - 23, b*o - 3*g = 59. What is the tens digit of o?
1
Let o(t) be the first derivative of 2*t**3 + 2*t - 5/2*t**2 + 6 - 1/4*t**4. What is the units digit of o(5)?
2
Let h = 444 - 288. Suppose 9*t - h = 7*t. What is the units digit of t?
8
Suppose -4*z = 13 - 93. What is the units digit of (-494)/(-10) - 8/z?
9
Let c(m) = -m**2 + 6*m - 233. Let j(u) = -2*u**2 + 9*u - 350. Let q(n) = 7*c(n) - 5*j(n). What is the hundreds digit of q(0)?
1
Let z = 33 - 30. Suppose 7*a + z = 10. What is the units digit of a?
1
Let o = -36 - -22. Let n be (-4)/(-14) + 32/o. Let r(i) = 7*i**2 + 2*i. What is the units digit of r(n)?
4
What is the units digit of (-7)/((-126)/4) + 61100/45?
8
Let n = 156 + -106. Suppose 3*j + 15 = 0, 8*z - n = 4*z + 2*j. What is the units digit of z?
0
Let c(h) = -4*h**3 + 3*h**2 - 3*h + 3. What is the hundreds digit of c(-4)?
3
What is the hundreds digit of 2 - (-1010 + 6 + 3)?
0
Suppose -g - 5*k + 403 = 0, 33*k + 9 = 30*k. What is the hundreds digit of g?
4
Let g be (405/(-20) - -2)*4. Let y = 143 + g. What is the tens digit of y?
7
Let w(h) = 3*h**2 - 4*h + 7. Let f(a) = -4*a**2 + 5*a - 6. Let q(k) = 2*f(k) + 3*w(k). What is the tens digit of q(-7)?
7
Let y be 4/((-20)/(-6) - 4). What is the hundreds digit of (-290)/((-3)/3)*(-3)/y?
1
Let b be ((-3)/2)/((-5)/(-110)). Let g = -11 - b. What is the tens digit of g?
2
Let q(n) = -n**2 - 5*n - 4. Let m be q(-3). Suppose 0 = m*b - 187 - 15. What is the hundreds digit of b?
1
Suppose -g + 39 = 4*t, 1 - 6 = 5*g. What is the units digit of (4/t)/((-10)/(-2050))?
2
Let u(b) = -b**3 - 9*b**2 - 4*b + 37. Let f be u(-8). Let a be -2*1*(-3)/2. Suppose -8 = -a*o - f. What is the units digit of o?
1
Let o be -245 + 3 + 2 + 0. Let p = o + 360. What is the hundreds digit of p?
1
Let l(w) = 11*w**2 + 6. Let n be l(3). Suppose -13*i - n = -18*i. What is the units digit of i?
1
Let a = 577 - 303. What is the hundreds digit of a?
2
Suppose 0*a - 1512 = -21*a. What is the tens digit of a?
7
Let m(f) = f**2 - 13*f + 8. Let u be m(13). Let s(y) = -y**2 + 13*y - 12. What is the tens digit of s(u)?
2
Let v = 1870 + -916. What is the tens digit of v?
5
Let c = 3 - -6. Suppose -5*g - 160 = -c*g. Suppose -g - 12 = -a. What is the units digit of a?
2
Let b be 15/2 - (-3)/2. Let s = -11 + b. Let d = 23 + s. What is the tens digit of d?
2
Let v(x) = -x**2 + 5. Let l be v(0). Suppose -l*a = -4*j + 172, 5*j - a = 4*j + 44. What is the tens digit of j?
4
Let p(v) = v**2 + 31*v + 20. Let b be p(-14). Let l = b + 334. What is the hundreds digit of l?
1
Let w be (-1 + 9)*(-11)/(-22). Suppose v = w*v - 6. Suppose -v*h = -13 + 1. What is the units digit of h?
6
Let c(n) = 28*n - 58. What is the hundreds digit of c(16)?
3
Let f be -4*24 + (-20)/(-4). Let m = -82 - f. What is the units digit of m?
9
Let v be (-24)/16*(-8)/3. Let f be 3 - 0*v/12. Suppose 0 = -t, 2*b - 18 = -f*t - 0. What is the units digit of b?
9
Let p be (-21)/(-2 - (0 + 1)). Let m be ((-2)/(-5))/(p/175). What is the units digit of (-2 + 0)*(-25)/m?
5
Suppose 9*g = -6*g + 71820. What is the units digit of g?
8
Suppose -83*b = -18*b - 115830. What is the hundreds digit of b?
7
Suppose 42 = 5*i + 17. Suppose -203 = -2*v + i*z - 31, -93 = -v - z. What is the units digit of v?
1
Suppose 0 = -3*c + 2*c + 3. Let l be -4 + c + 1 - -7. What is the tens digit of 69 - ((-16)/4 + l)?
6
Let l = -8 + 11. Suppose 2*y - 92 = -5*s, -3*s + 3*y + 36 = -36. Suppose l*j - s = -j. What is the units digit of j?
5
Suppose -2*v - 33 = 3*a - 2*a, -28 = 2*v - 4*a. Let p = v + 18. Suppose -2*d + p*c = 6*c - 64, -4*d - 3*c = -123. What is the units digit of d?
0
Let a = 1 - -2. Suppose 2*w + 390 = 4*w. Suppose 0 = 4*m - a*b - w, 2*b - 25 = -m - 2*b. What is the tens digit of m?
4
Let w(z) = z**2 + 19*z + 64. Let i be w(0). Suppose -10 = -4*d - 42. What is the units digit of (i/3)/(d/(-12))?
2
Let u = 32 + -74. Let o = u - -64. What is the tens digit of o?
2
What is the hundreds digit of 3/(1/(123 - 0))?
3
Suppose -5*o + o = -8. Suppose 12*h = -o*h + 4466. What is the tens digit of h?
1
Let o(y) = -y**2 + 12*y + 7. Let i be o(6). Suppose 1 = -3*q + i. Suppose u - 3*b - 2*